s the remainder when r is divided by t?
5
Let x(w) = 31*w + 2. Let h be x(1). Suppose -5*j = -2*j - h. Suppose -3*z + 4*z = 6. What is the remainder when j is divided by z?
5
Suppose 5*v - 7*v = -24. Calculate the remainder when v is divided by 7.
5
Let q = -17 + 19. Suppose 0 = 5*u + q - 57. Calculate the remainder when u is divided by 3.
2
Suppose 25*w + 3 = 26*w. What is the remainder when w is divided by 1?
0
Let w = -3 + 59. Calculate the remainder when w is divided by 20.
16
Suppose 3*o + 4*c = -c + 47, -5*o - 2*c = -72. What is the remainder when 53 is divided by o?
11
Suppose 4*r + b - 50 = 49, -2*r + 4*b = -36. Calculate the remainder when 45 is divided by r.
21
Let l(v) = -v**3 + 9. Let x be l(0). What is the remainder when 57 is divided by x/(-21) + 429/21?
17
Let p = 34 + -33. Let y(l) = -l**2 - 4*l + 6. What is the remainder when y(-5) is divided by p?
0
Suppose 3*p - 2*p - 16 = 0. Suppose 0 = 3*l - 15, w + 4*l - 7 - 44 = 0. Calculate the remainder when w is divided by p.
15
Suppose -2*j + 49 = -43. What is the remainder when j is divided by 16?
14
Let h(b) = -b**2 - 4*b + 3. Let r be h(-4). Suppose -4*i = -r - 1. Let t(s) = s**3 + 8*s**2 - 21*s - 9. Calculate the remainder when t(-10) is divided by i.
0
Suppose 0 = -3*w + 27 - 6. Calculate the remainder when w is divided by (-4)/(-3)*(-3)/(-7 - -6).
3
Let w = 31 + 14. Calculate the remainder when w is divided by 8.
5
Let k(n) = -n**2 + 9*n. Suppose 2*u + 31 = 7*u - 2*z, 0 = -3*u - 4*z + 29. Calculate the remainder when k(u) is divided by 8.
6
Let f(b) = -b - 12. Let y be f(10). Suppose 0*s - 5*s = -40. What is the remainder when -1 - (y - (0 - -1)) is divided by s?
6
Suppose 8 = 4*n, 5*v - 5*n - 406 - 44 = 0. Suppose 4*d + 2*q - v = -0*d, 5*d - q = 108. Let y = -15 + d. What is the remainder when y is divided by 4?
3
Let n = 36 + -19. What is the remainder when n is divided by 9?
8
Let g be (-2)/((-7)/(-5) - 1). Let l(z) = -z**2 - 6*z. Calculate the remainder when l(g) is divided by 4.
1
Let j(s) = -2*s**2 - s + 2. Let l be j(-2). Let v(i) = -i. What is the remainder when v(l) is divided by (-3)/1*14/(-21)?
0
Suppose -4*m + 75 + 41 = 0. Let z = 87 + -72. Calculate the remainder when m is divided by z.
14
Let s = -10 - -19. Calculate the remainder when s is divided by 3.
0
Let u be 2/(-1) - -4 - -2. Suppose -82 = -u*n - 2*k, -3*k = -3*n - 0*k + 84. What is the remainder when n is divided by 13?
10
Let d be (1 + 0)*-1 - -5. Let t(f) = 3*f - 1. Calculate the remainder when ((-165)/(-25) - 6)*(34 + 1) is divided by t(d).
10
Let b be 1/(-1)*1 + -19. What is the remainder when ((-36)/(-20))/((-6)/b) is divided by 4?
2
Let z = 1 - 0. Suppose -18*l = -9*l - 9. Calculate the remainder when l is divided by z.
0
Suppose 6*i - 125 = 13. Let m = 7 - 12. Let w(d) = d**2 + 3*d - 2. What is the remainder when i is divided by w(m)?
7
Let r(g) = g - 9. Let a be r(7). Let y(p) = -3*p**3 + 2*p**2. Let n(d) = -d**3 + 4*d**2 + 2*d + 3. What is the remainder when y(a) is divided by n(4)?
10
Let r(t) = t**3 - 6*t**2 - 5*t + 1. Let a = 55 - 28. What is the remainder when a is divided by r(7)?
12
Suppose 3*d - 25 - 80 = 0. What is the remainder when d is divided by 6?
5
Let v be 0 + 2 - (-12)/(-2). Let d(s) = s**2 + s. What is the remainder when 22 is divided by d(v)?
10
Let s(c) = -26*c**3 + c**2 - 2*c + 4. Let q(y) = -78*y**3 + 3*y**2 - 5*y + 11. Let o(u) = 3*q(u) - 8*s(u). What is the remainder when 51 is divided by o(-1)?
24
Suppose -4*r + 16 = -0*r. Suppose 8*c - 48 = r*c. Calculate the remainder when 47 is divided by c.
11
Let d = 15 - 5. Let r be d/4*(-2 + 12). Suppose 0 = -5*k + 3*k - 5*c + 157, -r = -5*c. What is the remainder when k is divided by 17?
15
Suppose 3*z = 2*t + 252, 0*z + 3*t = -5*z + 401. Calculate the remainder when z is divided by 21.
19
Suppose 0*o + 6 = 3*o. Suppose -o*h = -33 + 3. What is the remainder when h is divided by 8?
7
Suppose 3*k + 0*k = 57. Let h = -875 - -885. Calculate the remainder when k is divided by h.
9
Suppose 5*r - 2*q - 18 = 3*r, 2*q = -4*r + 6. Let o = 10 - r. What is the remainder when 17 is divided by o?
5
Suppose 0*i = 3*x + 2*i - 178, -5*x - 4*i + 294 = 0. Calculate the remainder when x is divided by 16.
14
Let x(o) = 4*o - 1. Let y(b) = -b**2 + 2*b. Let w be y(0). Suppose 2*k - u + 5*u = 52, -3*u + 9 = w. What is the remainder when k is divided by x(2)?
6
Suppose -1195 = 38*j - 43*j. Calculate the remainder when j is divided by 61.
56
Let g = -89 - -133. Calculate the remainder when g is divided by 12.
8
Suppose 2*p + 56 = 2*l, 0 = 6*l - l - 2*p - 146. Let x(z) = z + 7. Let m be x(-5). Suppose -m*f + 72 = l. What is the remainder when 61 is divided by f?
19
Calculate the remainder when (1/1)/(11/407) is divided by 10.
7
Suppose -22 = -p - 5*y, -5*y - 9 = -24. What is the remainder when p is divided by 3?
1
Let c = 38 + -24. Calculate the remainder when c is divided by 4/8*8/1.
2
Suppose -3*i - 54 = -7*i - 2*s, 0 = 4*i + 5*s - 69. Let a = -7 + i. Calculate the remainder when a is divided by -3*1/(-3)*2.
0
Let o(n) = n**3 - n**2 + n - 97. Let t be o(0). Let m = 138 + t. What is the remainder when m is divided by (11/(-33))/(1/(-63))?
20
Suppose -5*p - 5*o + 103 = 18, -o = 3. Let t(h) = 4*h + 10. Calculate the remainder when t(12) is divided by p.
18
Let f(d) be the second derivative of d**4/12 + 7*d**3/6 + d**2 - 3*d. Let u be f(-7). Suppose 0 = -u*t + 8 + 20. What is the remainder when t is divided by 8?
6
Suppose -5*d = -0*d - 40. Let y(n) = n**2 - 5*n + 2. Let b be y(d). Suppose 2*g = -0*g + b. What is the remainder when g is divided by 5?
3
Suppose b = 9 + 2. What is the remainder when 31 is divided by b?
9
Suppose -11*p + 16*p = 150. What is the remainder when 147 is divided by p?
27
Let d(j) = -1 + 4*j - 3*j**2 + 2*j**2 + 3*j. Let f be d(6). Suppose 3*l + 20 = f*l. What is the remainder when 29 is divided by l?
9
Let w = -38 - -66. Calculate the remainder when (4/3)/(18/729) is divided by w.
26
Suppose -56 = -4*b - 0*b. Let m = -207 + 349. Suppose -m = -2*w - b. Calculate the remainder when w is divided by 22.
20
Suppose 3*i - 92 = -4*v + 4*i, -2*v - 3*i = -32. Calculate the remainder when v is divided by 18/7*((-120)/(-18) + -2).
10
Let v be (-3)/((-18)/10)*3. Suppose -v + 1 = -2*y. Suppose 0*h = -y*h + 8. Calculate the remainder when 14 is divided by h.
2
Suppose -2*w - 4 = 0, -n - 4*w + 32 = 3*n. Let z = 22 - 6. Calculate the remainder when z is divided by n.
6
Let k(r) = 2*r - 16. Suppose q - 5*a + 17 = 3*q, -29 = -3*q - 4*a. Calculate the remainder when 10 is divided by k(q).
4
Let d(y) = y - 2. Let f be d(0). Let x be 0 + 1 - (f + 3). What is the remainder when x/1 + 19 + 4 is divided by 13?
10
Let y(w) = w**3 - 6*w**2 - 6. Suppose -n = 2*n - 18. Let u be y(n). What is the remainder when 6 is divided by (u - -4) + (4 - -2)?
2
Suppose -4*w - 2*t = 2*t - 72, -3*w - 2*t + 50 = 0. Let a = 3 + 0. Suppose -41 = -a*j + 34. Calculate the remainder when j is divided by w.
11
Suppose b = -b + 14. Let p(d) = 2*d - 2. Let w be p(1). Suppose 0 = -c - 4*z + 20, -3*z + 60 = 3*c - w*z. Calculate the remainder when c is divided by b.
6
Let f(q) = 3*q**3 + 4*q**2 - 2*q - 2. Let n(j) = -j**2 + 2. Let w be n(0). What is the remainder when f(w) is divided by 12?
10
Let j = -12 - -19. Calculate the remainder when j is divided by (6/5)/((-9)/(-30)).
3
Let o(a) = a**2 + a + 6. Let u be o(6). Let r = u - 28. Suppose -5*c + 0*c = 4*b - 85, r = b + c. What is the remainder when 29 is divided by b?
14
Let z = 43 - 32. Calculate the remainder when 41 is divided by z.
8
Let g be (1 + -25)*(1 + -2). Suppose 2*z - 78 = -g. Calculate the remainder when 105 is divided by z.
24
Let o(g) = 2*g**2 + 8*g + 6. What is the remainder when 235/15*3*1 is divided by o(-5)?
15
Suppose 2*w - 34 = -4*l, 0*w - w - 5*l = -29. What is the remainder when 15 is divided by w?
6
Let b(g) = g**2 - 8*g + 10. What is the remainder when 39 is divided by b(8)?
9
Let o = 134 + -96. Suppose 0 = 5*g - 4*g - 10. What is the remainder when o is divided by g?
8
Let i be (0/4)/4 + 3. Suppose -r = 4*a - 6, 2*r + 2*a = 3*a + 39. What is the remainder when i + (-4)/((-8)/98) is divided by r?
16
Let x(z) = z**3 - 15*z**2 + 13*z + 20. Let m be x(14). Suppose -q + m = 2*q. What is the remainder when q is di